l = 3*g - 50. What are the prime factors of g?
2
Suppose 0 = -2*m - 12 - 16. List the prime factors of (-24)/m*(3 - -4).
2, 3
Let w be 7/2*(-4 - -6). Let p = w - 6. Let j = 15 - p. List the prime factors of j.
2, 7
Suppose 5*c + 64 = 7*c. What are the prime factors of c?
2
Let p = 2 - 0. Let a be 37 - (-1 + p) - 1. Suppose -4*q = a - 87. List the prime factors of q.
13
Let o(x) = -x**2 - 5*x + 5. Let p be o(-6). Let y be 3 + 0 + 1/p. Suppose -2*t = y - 10. List the prime factors of t.
2
Let v be 99/(-22)*4/(-2). Let p = 28 - v. List the prime factors of p.
19
Suppose o + 0 = 45. List the prime factors of o.
3, 5
Suppose 2*d - 94 = 22. List the prime factors of d.
2, 29
Suppose 0 = -122*u + 124*u - 118. What are the prime factors of u?
59
Suppose -2*h + 26 = 4. Suppose 4*u + 2*p = -u - 7, -5*p = -5*u. List the prime factors of h + u + (-2)/(-2).
11
Let m(c) = c**3 - 16*c**2 + 36*c - 2. List the prime factors of m(15).
313
Let m(j) = -j**2 + 6*j - 6. Let u be m(6). Let b be 3*(0 + (-4)/u). Suppose -3*h - h + 46 = -b*a, 4*h = -a + 49. What are the prime factors of h?
2, 3
Suppose 39*l - 38*l = 114. List the prime factors of l.
2, 3, 19
Let s = -4 + 1. Let v be (-2 + 12/9)/(3/(-18)). List the prime factors of 4/s*(-54)/v.
2, 3
Let w(q) = -q**3 - 8*q**2 - 6*q + 9. Let x be w(-7). Suppose 4 = x*h - 8. List the prime factors of h.
2, 3
Suppose 4*s = 93 + 111. List the prime factors of s.
3, 17
Let u = 17 + -16. Suppose 3*f = 4*w - 187, -u = -3*f + 8. List the prime factors of w.
7
Let u(v) = -v**2 - 11*v - 10. Let i be u(-10). List the prime factors of i + 0 - (1 - 14).
13
Suppose -3*j - 536 = -4*g, 2*j + 2*g + g + 363 = 0. Let l be j/(-42) - (-2)/(-7). Let p(m) = 2*m**2 - 5*m - 3. What are the prime factors of p(l)?
3
Let k(r) = 98*r**2 + r + 1. Let t be k(-1). Suppose -x - n = -30, 2*x + 28 = 3*n + t. What are the prime factors of x?
2
Let h(o) be the second derivative of o**6/360 + o**5/30 + o**4/8 + o**3/6 - 2*o. Let c(q) be the second derivative of h(q). What are the prime factors of c(-5)?
2
Let i be -2 + 0/2 - -23. Let f = -7 - -9. Suppose -k = f*k - i. What are the prime factors of k?
7
Let w be (-4)/10 + (-126)/(-15). Let g(u) = -4*u + 18. Let s(d) = -2*d + 9. Let r(p) = 6*g(p) - 13*s(p). List the prime factors of r(w).
7
Suppose -2*v = -5*n + 46, -4*n + 29 = -v - 0*n. Let r = 31 + v. Suppose -r = -3*g + 3*i, -4 = 3*g + 4*i - 1. List the prime factors of g.
3
Let w be (17/2 - 0)*2. Let y(h) = 0*h + 0*h - h + w*h**3 - h**3. What are the prime factors of y(1)?
3, 5
Let k(l) = 4*l**2 + 2*l - 11. Let z = -20 + 16. List the prime factors of k(z).
3, 5
List the prime factors of 64 + 1*(1 + -3).
2, 31
Let i(j) be the first derivative of -3 + 9/2*j**2 - 4*j - 1/3*j**3. List the prime factors of i(6).
2, 7
Let j = -4 - -2. Let x = 18 - j. What are the prime factors of x?
2, 5
Let v(x) = -12 + 2 + 0*x + 2*x. List the prime factors of v(12).
2, 7
Let y(q) = -q**3 + 5*q**2 - 4*q + 2. Suppose 0 = 5*z - 2*z - 12. Let f be y(z). List the prime factors of f/5 - (-36)/10.
2
Let x = 1 - -2. Suppose x*u + 8 = 7*u. What are the prime factors of -2*(-6 + u) + 0?
2
Suppose -2*a - 14 = 56. Let z = -21 - a. What are the prime factors of z?
2, 7
List the prime factors of (-388)/(-4) - (4 - 7).
2, 5
Let q be (-3)/(3*(-2)/4). Let t(m) = 3*m**2 - 2*m - 1. Let c be t(-2). Suppose q*o = -o + c. List the prime factors of o.
5
Let j(y) = y**3 + 9*y**2 - 3*y - 12. Suppose -2*t + 26 = -t. Suppose -3*q - 1 = t. What are the prime factors of j(q)?
3, 5
Let l = -8 + 4. Let o(j) = j + 8. Let h be o(l). Suppose h*f = 4 + 8. List the prime factors of f.
3
Let n(s) = -14*s + 26. What are the prime factors of n(-5)?
2, 3
Suppose 0 = -4*a + 6*a - 134. List the prime factors of a.
67
Let w(q) be the first derivative of -4*q**3/3 + q**2/2 - q - 3. Let y be w(1). List the prime factors of (y/(-5))/(2/5).
2
Let j = -39 + 56. Suppose -2*r + 77 - j = 0. List the prime factors of r.
2, 3, 5
Suppose -11 = 2*b - 81. List the prime factors of b.
5, 7
Suppose 0 = 5*t + 5, 0 = -5*i + 5*t + 74 + 16. List the prime factors of i.
17
Suppose -2*v + 5 = 3. What are the prime factors of -16*(1 - (v + 1))?
2
Let c(u) = u**3 + 3*u**2 - 2*u. Let y be c(-4). Let t be (-2)/y - 63/12. Let b = -1 - t. What are the prime factors of b?
2
Let u be 0/(-2 + -3 + 6). Suppose 21 - 1 = 5*z. What are the prime factors of z*-2*(u - 1)?
2
Let a = 6 + -4. Suppose -3*n + 3 + 3 = 0. Suppose -g = -o + a*g + 22, g = -o + n. What are the prime factors of o?
7
Suppose 2*s + 2 = 3*s. Suppose -2*r + 32 = s*l + 2*l, 3*r = 3*l + 3. Let w(h) = 3*h - 6. What are the prime factors of w(r)?
2, 3
Let c be 3/((-6)/(-4)) - -2. Suppose 3*g + 0*k + 5*k = -49, -60 = 5*g + c*k. Let d(n) = n + 18. What are the prime factors of d(g)?
2, 5
Suppose -61 = -5*z - 5*d + 3*d, -2*d = z - 17. List the prime factors of z.
11
Suppose 0 = -6*z + 8*z + 312. List the prime factors of 0 + 5/((-15)/z).
2, 13
Let m(y) = 7*y + 1. Let r be m(-1). Let j(s) = s + 1. Let a(l) = -l + 1. Let k(p) = -3*a(p) - 6*j(p). List the prime factors of k(r).
3
Let j = 160 - 76. Suppose 68 + j = 4*u - 2*p, 0 = 5*u - 5*p - 190. List the prime factors of u.
2, 19
Suppose 0*f - 5 = -f. Suppose 0 = -f*r + 3*r - 6. Let n(d) = 3*d**2 + 4*d + 3. What are the prime factors of n(r)?
2, 3
Let j(m) = m**2 - 3*m + 3. Let u be j(3). Suppose 0 = -4*n + q + 16, q - 3*q = -2*n + 14. Suppose 4*b - u*b = n. List the prime factors of b.
3
Let n(l) = -l - 4. Let m be n(-4). Let w be ((-8)/12 + 2)*3. Suppose m = -0*s + s - w. List the prime factors of s.
2
Let t = -2 - -1. What are the prime factors of 20/8*(t + 3)?
5
Suppose 5 = -2*h + 37. List the prime factors of h.
2
Suppose 2*x + 2*q - 26 = 24, 3*x = q + 75. Suppose -d + x = 2*a - 7, 5*d - 3*a = 186. Suppose 3*h = -h + d. List the prime factors of h.
3
Suppose 0 = t - 1 - 7. Let u(s) = -3*s. Let l be u(t). Let q = l - -37. List the prime factors of q.
13
Suppose -4*n + 11*x + 1052 = 8*x, 263 = n - 5*x. List the prime factors of n.
263
Let k be 5 + -2 + 3 + -2. Let z = k - -9. What are the prime factors of z?
13
Let b be -3 - -6 - (-2)/(-2). Suppose 0 = -0*w - b*w + 40. List the prime factors of w.
2, 5
Let p(h) = -40*h + 34. What are the prime factors of p(-5)?
2, 3, 13
Let n(a) = 15*a**2 - 2*a + 1. Let w be n(1). Suppose -v + 7 = 2*b, 10 = 2*b - 0*b + 4*v. Suppose w = 4*p - b*p. List the prime factors of p.
2, 7
Suppose 4*x = -3*u + 103, -3*u - 2*x + 105 = x. What are the prime factors of u?
37
Suppose -9 - 15 = -4*p - 3*k, -5*p - k + 19 = 0. Suppose -z + 2*d + 9 = -10, -p*d = 4*z - 32. What are the prime factors of z?
11
What are the prime factors of 35/1 - -1 - -4?
2, 5
Let s(t) = -5*t - 1. Let b be s(-3). List the prime factors of (-7)/(b/(-30)) + 3.
2, 3
Let n(b) = b**3 + 9*b**2 - 9*b + 6. Let k be n(-10). Let j = k - -14. List the prime factors of j.
2, 5
Let c(j) = 5*j + 2 + j - j**3 - j - 3*j. List the prime factors of c(-2).
2, 3
Suppose 3*a = -0*a + 9. Suppose 0 = 2*c - y - 4, 4 = -a*c + 4*y - 0. Suppose 8 + c = 2*n. List the prime factors of n.
2, 3
Let o be (0 - 1)*(0 + -1). Suppose -m + 3 + o = 0. Suppose -44 = -4*y - m*j, -5*j + 33 + 16 = 4*y. What are the prime factors of y?
2, 3
Suppose -4*t = 5*y - 27, -4*y + 0*y + 18 = 2*t. What are the prime factors of 140/(-15)*y/(-2)?
2, 7
Let l = 260 + -179. List the prime factors of l.
3
Let m(l) = l**2 + 4*l - 6. Let n be m(-5). Let p be 26/(-3) + n/3. What are the prime factors of (5 + -1)/((-6)/p)?
2, 3
Suppose -2*r + 1 = u - 1, -3*r = -2*u + 4. Suppose 0 = -u*d - 1 + 7. Suppose -x + 0*q = 5*q - 9, x - d*q - 1 = 0. What are the prime factors of x?
2
Let t(n) = -n**3 - 4*n**2 + 7*n + 4. Let s be t(-5). Let g = s + 10. Suppose x + 2 - g = 0. What are the prime factors of x?
2
Suppose 0 = 3*p + 2*n - 223 - 40, -p + 84 = -3*n. Suppose h = 4*h + j - 42, -5*h = -4*j - p. What are the prime factors of h?
3, 5
Suppose k - 4 = 2*k. Let o(n) = -n**2 - 8*n - 6. Let b(f) = -f**2 - 9*f - 6. Let q(j) = 3*b(j) - 4*o(j). List the prime factors of q(k).
2
Let m(c) = 2*c - 8. Let d be (-6)/6 - (-8 - -1). Let l be m(d). Suppose -5*s + l*s = -9. What are the prime factors of s?
3
Let h(f) = f - 1. Let t be h(-1). Let k be t/(-4) - 28/8. List the prime factors of -2*(2 + k) + 0.
2
What are the prime